*(j - 0). Let w be n(v). Calculate the highest common factor of 14 and w.
14
Let r be 2/(-6) - (-4)/3. Suppose 0 = -l - r + 3. Suppose -l*p + 2*s = -134, -2*s = -2*p + 2*s + 142. What is the highest common factor of p and 9?
9
Let q be (-48)/28*(-7)/2. Suppose -g - 3 = -5. What is the highest common factor of q and g?
2
Let a be (0 + 15/(-9))/((-2)/18). What is the highest common factor of a and 120?
15
Suppose 3*t + 27 = 3*k, -3*t - 2 = -k - 3. Let a(o) = 9*o**2 - 8. Let j be a(-6). Let s = j + -162. What is the highest common factor of s and k?
14
Let y = 80 - 75. Calculate the highest common divisor of y and 2.
1
Let j be (1 - 2)/((-1)/2). Suppose j*m = -m - 5*s + 425, -m + 5*s = -115. Calculate the greatest common divisor of m and 54.
27
Let z(w) = 3*w + 19. Let j be z(-6). Let b = j + 33. Calculate the greatest common divisor of b and 51.
17
Suppose -9*k + 3*k = -24. Calculate the greatest common divisor of k and 10.
2
Let u = -13 + 23. What is the highest common divisor of 110 and u?
10
Let r(u) = -u**2 + 22*u - 28. Let z be r(18). What is the highest common divisor of z and 12?
4
Let o be 20 - (-1)/((-5)/(-15)). Calculate the greatest common divisor of 69 and o.
23
Let f = 1 - -18. Calculate the highest common divisor of 95 and f.
19
Let c(d) = d. Let a(n) = -n**3 - 6*n**2 + 2*n + 8. Let k be a(-6). Let t be (-12)/15*10/k. Let w be c(t). Calculate the highest common factor of 10 and w.
2
Let s be (-18)/(-1) - (6 - 6). Let x = 219 - 147. Calculate the greatest common factor of x and s.
18
Let n = 64 - -91. Calculate the greatest common factor of n and 31.
31
Suppose 0 = 2*t - 6. Suppose t*h - 15 = 3*u, 0*u + 5*u = -3*h - 25. Let v(r) = -r**2 + 33. Let j be v(h). What is the greatest common divisor of 22 and j?
11
Let m = -42 + 97. What is the highest common factor of 22 and m?
11
Let a be (2 + (-12)/9)*3. Suppose a*k - 40 = -3*k. Suppose 0*i + 2*q - 40 = -i, 4*q - 40 = -i. Calculate the greatest common factor of i and k.
8
Suppose 0 = -x - 12 - 3. Let u be 18/x*30/(-4). What is the greatest common divisor of 3 and u?
3
Let o(g) = g**2 + 6*g - 4. Let v be o(-6). Let u = -14 - v. Let d be (-16)/u*(7 + -2). Calculate the highest common factor of 88 and d.
8
Suppose -6 = -5*u + 4. Let w be (1 + u)/((-2)/(-10)). Let h = -257 + 377. Calculate the greatest common divisor of h and w.
15
Let s be (17 - 65)*(-1)/3. Calculate the greatest common factor of 16 and s.
16
Let a = 76 - 43. Let g(p) = -p**2 - 6*p + 6. Let m be g(-5). What is the greatest common factor of m and a?
11
Let r = -186 + 354. What is the highest common divisor of 24 and r?
24
Suppose 0 = -2*c + 8, 5*c = -2*z + 13 + 15. Suppose z*y - 2 = -2*f + 38, 0 = -5*f + 20. Calculate the greatest common factor of y and 32.
8
Let t(c) = -7*c. Let a be t(-2). What is the highest common divisor of a and 35?
7
Suppose 2*t = -4*g + 38, 0 = -4*t + 4*g - 15 + 67. Let h = 103 + 32. What is the greatest common divisor of t and h?
15
Let g(y) be the first derivative of -25*y**2/2 - 2. Let i be g(-6). What is the greatest common divisor of i and 15?
15
Suppose -4*b + 2*y + 36 = 0, -4*b + 5*b - 9 = 2*y. Let t = -3 + b. Calculate the highest common factor of t and 54.
6
Let m(n) = -2*n - 1. Let c be m(-6). What is the greatest common divisor of 55 and c?
11
Let w(p) = -5 + 5 - 60*p. Suppose 5*j = 5*i - 10, 5*i + 2 = -j - 18. Let v be w(i). What is the greatest common factor of 18 and v?
18
Let w(c) = -c**2 + 6*c - 4. Let y be w(5). Let d be (4/(-12))/(1/(-6)). What is the highest common factor of y and d?
1
Suppose -24 = -8*d + 4*d. Let u be 0 + 3 + -6 + d. What is the highest common divisor of 9 and u?
3
Suppose -5*a - 2*l + 412 = 0, 4*a = 2*l - 6*l + 320. Suppose k - 5*s = 6*k - 105, 4*k - a = s. Let d = 223 - -8. What is the greatest common factor of k and d?
21
Let s(u) be the first derivative of u**4/4 + 5*u**3/3 + 5*u**2/2 + 2*u + 3. Let b be s(-3). Calculate the greatest common divisor of b and 5.
5
Let m = -2 + 5. Suppose -i - 4*i = d - 167, 5*i - 159 = m*d. Let v = 439 + -436. What is the greatest common factor of v and i?
3
Let q be (-1)/(5/(-75)) - 2. Calculate the highest common divisor of q and 13.
13
Suppose 0 = -4*n + 4*s + 408, -3*s - 408 = -4*n - 7*s. Calculate the greatest common divisor of 17 and n.
17
Let v = 723 - 273. Suppose 0*m - 5*m + v = 0. Calculate the greatest common factor of 36 and m.
18
Suppose -26*x + 336 = -14*x. Calculate the greatest common divisor of 7 and x.
7
Suppose 0 = 3*g - f - 13, -5*g - 10 = -5*f - 45. Calculate the greatest common factor of g and 3.
3
Let r be ((-5)/10*2)/((-2)/84). What is the greatest common divisor of 6 and r?
6
Suppose -2*c + 84 = -0*c. What is the greatest common divisor of c and 63?
21
Suppose -4*c = -2*c - 8. Calculate the highest common factor of 36 and c.
4
Suppose 3*r + 60 = 5*b, -b + 2*r - 3 + 8 = 0. What is the highest common factor of b and 25?
5
Let z(a) = -a**3 + 7*a**2 - 8*a + 5. Let n be 4 + (3 - 2 - 0). Suppose 2*j - n*j + 15 = 0. Let d be z(j). What is the highest common factor of 60 and d?
15
Let d(n) = n**2 - 10*n + 10. Let j be d(10). Let y(l) = l + 11. Let r be y(j). Calculate the greatest common factor of 21 and r.
21
Let q(h) = 4*h + 7. Let k be q(7). Let t be (k/5)/(1/1). Calculate the highest common factor of t and 77.
7
Let o(y) = y**3 + 3*y**2 - 3*y - 2. Let b be o(-3). Suppose -154*d = -143*d - 385. Calculate the highest common divisor of d and b.
7
Let y be (-1 - -6)*(-20)/(-25). Calculate the greatest common divisor of y and 3.
1
Suppose 4*l - 390 = 226. Calculate the highest common factor of 22 and l.
22
Let h(f) = -f. Let g be h(0). Let b be g/(-2) - 16/(-2). What is the highest common factor of b and 24?
8
Suppose -13 = -2*f + 3*v, -2*f = -f + 4*v - 1. Suppose f*x = r + 883, -x + 40 + 142 = -2*r. What is the greatest common divisor of 16 and x?
16
Suppose t + 96 = 9*t. What is the greatest common factor of t and 36?
12
Let a(y) be the second derivative of y**3/6 + 3*y**2 - 2*y. Let z be a(-5). Let l be 4/(-6)*9/(-2). Calculate the highest common factor of z and l.
1
Let x be (0 - 0)/((-3)/3). Suppose x = -2*q + 6, 0 = n + 4*n + 3*q - 39. Let l = 106 - 94. What is the highest common factor of l and n?
6
Let r be (-4)/10 - 114/(-10). Let f(m) = -m**2 + 10*m - 5. Let s be f(10). Let y be (s/(-10))/((-1)/(-242)). What is the greatest common factor of y and r?
11
Let g be (-4)/(-5) + 1408/40. Calculate the highest common divisor of 9 and g.
9
Suppose 0 = -3*x + 4*x - 4, -2*x - 229 = -3*k. Let v be (-1)/(-1 + 0) + k. Calculate the greatest common factor of v and 16.
16
Let v = -197 - -285. Calculate the highest common factor of v and 11.
11
Let g(t) = -t**2 + 5*t + 3. Let s be g(4). Suppose -5*y + d - 2*d = -279, 2*d + 2 = 0. What is the highest common divisor of s and y?
7
Suppose q - 475 = 124. Suppose -4*s + 150 = i, -4*i - 64 = 3*s - q. Calculate the highest common divisor of i and 13.
13
Suppose 3*w + w - 192 = 0. Let g = 18 - 12. Let f be (-8)/((-4)/g + 0). What is the greatest common divisor of w and f?
12
Let i(q) = q + 3 + 2*q**2 - q**2 - 3. Let y be i(8). What is the highest common divisor of y and 9?
9
Let d = 0 + 4. Let b = 29 + -11. Let x be d/b + 124/9. What is the highest common factor of x and 56?
14
Let h(y) = 3*y**2 - 3*y. Let w(b) = -b**2 - 2*b + 4. Let p be w(-3). Let g = p + 1. Let m be h(g). What is the greatest common divisor of m and 3?
3
Suppose -q = 2*q. Let u(w) = w**3 - w**2 + 98. Let d be u(q). Suppose -5*r = -4*r - 2*y - d, 2*r - 197 = 5*y. What is the greatest common divisor of r and 12?
12
Let a = -53 + 98. What is the highest common factor of 30 and a?
15
Suppose 12 = -6*q + 2*q. Let n be 10/q*-3 + -2. Calculate the highest common divisor of n and 24.
8
Suppose 2*a - 5*u + 169 = 0, -a - 2*u - 15 - 47 = 0. Let v be 2/9 + (-2864)/a. Calculate the highest common factor of v and 5.
5
Let o(i) = -23*i + 1. Let y be o(2). Let r be y/(-2)*4/6. Calculate the highest common divisor of 135 and r.
15
Suppose 111 = 7*d - 239. Calculate the greatest common divisor of 20 and d.
10
Let b(f) = -f + 11. Let p be b(8). Suppose -5*t + 2*u + p = 0, 5*t - 3 - 4 = -2*u. What is the highest common factor of 9 and t?
1
Suppose -5*s + 145 + 94 = 4*v, -3*v + 2*s = -162. Calculate the highest common fa